Let r(y) = -1057*y**2 - 77162*y - 41. Calculate r(-73).
32
Let i(q) = -2*q**3 + 28*q**2 - 14*q + 1. What is i(8)?
657
Let s(q) = -q**3 - 31*q**2 - 92*q + 146. What is s(-27)?
-286
Let w(n) = 5*n**3 + 122*n**2 + 725*n + 49. Calculate w(-13).
257
Let i(k) = -916*k + 17632. Give i(17).
2060
Let p(s) = 2*s**3 + 27*s**2 - 20415*s - 327. Give p(-108).
-3
Let m(t) = t**2 - 278*t - 108794. Give m(-219).
49
Let z(y) = -2258*y + 199067. Give z(88).
363
Let b(i) = i**3 + 61*i**2 + 847*i + 28421. What is b(-55)?
-14
Let r(k) = -3*k**3 - 199*k**2 - 38*k - 11476. What is r(-67)?
48
Let g(t) = -365*t + 1119. Give g(-4).
2579
Let w(t) = 542*t + 1090. Calculate w(-2).
6
Let q(u) = 1532*u - 219444. Determine q(143).
-368
Let f(q) = 32019*q - 352217. Calculate f(11).
-8
Let w(f) = -f**3 - 18*f**2 + 110*f + 595. Determine w(-20).
-805
Let u(m) = m**3 + 1242*m + 7571. Calculate u(-6).
-97
Let v(s) = 10*s**3 - 513*s**2 + 1125*s + 86. Calculate v(49).
-12
Let f(a) = -a**2 + 69*a + 61146. Give f(284).
86
Let i(j) = 746*j + 2955. Give i(-4).
-29
Let w(l) = 7*l**2 - 35*l + 218. Give w(8).
386
Let s(j) = 118*j**2 - 381*j + 33. Give s(3).
-48
Let m(p) = -39656*p + 11698513. What is m(295)?
-7
Let z(g) = 2174*g**2 - 54346*g + 103. Give z(25).
203
Let g(w) = -68109*w - 476712. What is g(-7)?
51
Let i(k) = -343*k + 925. Calculate i(2).
239
Let y(p) = 22*p**2 + 382*p - 66. Calculate y(-18).
186
Let l(w) = -2*w**3 - 197*w**2 - 1049*w - 113650. What is l(-99)?
2
Let l(k) = -1227*k - 79821. Give l(-65).
-66
Let h(m) = -m**3 + 25*m**2 - 28*m - 740. What is h(24)?
-836
Let m(r) = 338*r**2 - 4047*r - 93. Determine m(12).
15
Let t(h) = -h**3 + 183*h**2 + 1092*h + 8047. Determine t(189).
109
Let z(u) = 28*u - 1543. Determine z(27).
-787
Let b(u) = -u**3 + 65*u**2 - 26*u - 2367. Calculate b(64).
65
Let o(l) = 10864*l + 282469. Give o(-26).
5
Let f(t) = t**2 - 14*t - 3238. Determine f(-46).
-478
Let d(m) = -10*m**2 - 1910*m - 13443. Determine d(-7).
-563
Let q(z) = z**3 + 57*z**2 - 3730*z - 7692. Give q(-2).
-12
Let d(l) = -l**3 - 378*l**2 + 2334*l + 6160. What is d(-384)?
-5360
Let v(s) = -9*s**2 - 5845*s - 569756. Give v(-530).
-6
Let t(p) = -468*p + 236739. Calculate t(506).
-69
Let w(f) = 101863*f + 305631. Determine w(-3).
42
Let b(a) = 32*a**3 + 2759*a**2 + 594*a - 672. What is b(-86)?
16
Let v(f) = -5640*f - 281988. Calculate v(-50).
12
Let a(p) = -1147*p + 13783. Calculate a(12).
19
Let x(y) = 80*y**2 - 20110*y - 222703. Calculate x(262).
-3
Let c(m) = -31246*m - 531061. What is c(-17)?
121
Let j(u) = 1132*u + 260398. What is j(-230)?
38
Let i(q) = 8504*q + 1768821. Calculate i(-208).
-11
Let w(h) = -278*h**2 - 8040*h + 648. Give w(-29).
10
Let b(j) = -j**3 - 57*j**2 - 821*j - 2641. Calculate b(-16).
-1
Let n(p) = -4322*p**2 + 38903*p - 15. What is n(9)?
30
Let y(q) = -8*q**2 - 34678*q + 69383. Give y(2).
-5
Let t(z) = 60*z**2 + 11370*z - 5691. Calculate t(-190).
9
Let i(m) = -55*m**2 + 5154*m + 1505. Determine i(94).
1
Let p(k) = k**3 + 2*k**2 - 158833*k - 317664. Calculate p(-2).
2
Let j(c) = -42*c**2 + 5202*c + 756. Give j(124).
12
Let q(n) = -976*n**3 + 2*n**2 + 13*n + 13. Calculate q(-1).
978
Let u(i) = -2*i**2 + 1095*i + 12221. Determine u(-11).
-66
Let p(j) = 339*j - 30453. What is p(90)?
57
Let q(p) = p**3 + 32*p**2 - 1473*p - 47578. Give q(-33).
-58
Let l(w) = 3*w**2 - 356*w - 1695. Calculate l(123).
-96
Let v(o) = o**3 - 15*o**2 - 554*o + 8248. Give v(16).
-360
Let b(s) = -4*s**3 - 20*s**2 + 656*s + 3312. Calculate b(-5).
32
Let c(k) = -k**3 - 53*k**2 - 298*k - 744. Determine c(-47).
8
Let o(k) = -6*k**2 + 25893*k + 966308. Give o(-37).
53
Let l(q) = -32*q**2 - 2574*q - 539. Calculate l(-80).
581
Let v(f) = -1737*f - 559275. What is v(-322)?
39
Let c(l) = 3*l**3 + 743*l**2 + 44652*l - 1152. Give c(-145).
8
Let y(n) = -6*n**3 + 6*n**2 - 8*n - 8. Determine y(-4).
504
Let c(b) = 1034*b - 10617. Determine c(10).
-277
Let o(k) = -10*k**2 - 488*k - 1. Calculate o(-42).
2855
Let b(v) = -4*v**2 - 266*v + 68. What is b(-67)?
-66
Let g(r) = 412*r - 17001. Calculate g(41).
-109
Let r(u) = -u**3 - 10*u**2 + 2237*u + 15800. What is r(-7)?
-6
Let u(n) = 10394*n - 3180568. Determine u(306).
-4
Let i(s) = -s**2 - 9404*s + 720647. Give i(76).
167
Let t(d) = 1436*d - 107735. Give t(76).
1401
Let r(s) = 13*s**2 + 7220*s + 91729. Give r(-13).
66
Let c(o) = 8*o**3 + 6995*o**2 + 2628*o + 5117. Calculate c(-874).
-127
Let q(g) = g**3 + 55*g**2 - 2*g - 3030. Calculate q(-54).
-6
Let t(q) = 2*q**2 - 112*q + 1182. What is t(49)?
496
Let g(z) = 470*z + 3586. Determine g(-9).
-644
Let a(j) = -j**3 - 2338*j**2 + 11733*j - 78. Give a(5).
12
Let x(a) = 2*a**3 - 312*a**2 - 7*a + 1087. Determine x(156).
-5
Let p(h) = -59*h**2 - 33*h + 211. What is p(-9)?
-4271
Let v(c) = -556*c - 207499. Give v(-375).
1001
Let j(p) = -2*p**2 - 781*p - 66665. Calculate j(-126).
-11
Let z(n) = n**2 - 111*n + 2218. Calculate z(74).
-520
Let q(g) = 4*g**2 - 2712*g - 38750. Determine q(-14).
2
Let m(l) = -2*l**3 + 383*l**2 + 615*l - 7285. Determine m(193).
-337
Let r(t) = t**3 - 291*t**2 - 880*t - 1124. Calculate r(294).
-536
Let b(y) = -2*y**3 - 349*y**2 + 1176*y - 12378. Determine b(-178).
82
Let y(g) = -31*g**3 + 217*g**2 + 309*g + 19. Give y(8).
507
Let c(m) = -2*m**3 - 26*m**2 + 41*m - 37. What is c(-14)?
-219
Let x(h) = -37215*h + 88. Give x(0).
88
Let m(h) = -3*h**2 - 291*h + 47199. Give m(-183).
-15
Let i(l) = -553435*l + 14389315. Calculate i(26).
5
Let p(m) = m**3 + 147*m**2 - 767*m - 1060. Give p(-152).
4
Let v(t) = -1545*t**2 + 276*t - 271. Give v(1).
-1540
Let b(p) = p**2 + 502*p - 13351. Determine b(27).
932
Let j(u) = 17183*u**3 + u**2 - 8*u - 1. What is j(0)?
-1
Let n(b) = 190*b + 2411. Determine n(-8).
891
Let n(z) = -925*z + 46231. Give n(50).
-19
Let v(t) = 534*t**3 + 4899*t + 4900. Calculate v(-1).
-533
Let n(w) = -2*w**3 + 13*w**2 + 147*w - 941. Determine n(6).
-23
Let m(z) = 1242*z**3 - 7*z**2 + 7. Calculate m(-1).
-1242
Let j(h) = -h**2 - 338*h - 4315. Determine j(-13).
-90
Let k(b) = b**3 - 5*b**2 - 317*b + 2229. What is k(16)?
-27
Let r(i) = 7313*i - 314534. Calculate r(43).
-75
Let w(z) = 2*z**2 + 22136*z - 88563. Determine w(4).
13
Let h(d) = -10*d**3 - 3*d**2 - 61*d - 273. What is h(-5)?
1207
Let i(c) = 6*c**2 + 214*c - 3093. Calculate i(15).
1467
Let o(s) = -s**3 + 256*s**2 + 15336*s + 1805. What is o(-50)?
5
Let v(r) = -r**2 + 306*r - 9751. Give v(36).
-31
Let u(f) = 58*f - 637. Calculate u(0).
-637
Let i(p) = 1325*p - 65091. Give i(49).
-166
Let z(d) = 155*d**2 + 16300*d - 16302. Calculate z(1).
153
Let t(i) = 2*i**2 - 183*i - 6184. What is t(-26)?
-74
Let s(v) = 356663*v + 713312. Determine s(-2).
-14
Let w(h) = h**2 + 988*h - 27394. Give w(27).
11
Let f(c) = -19*c**2 + 3950*c - 3618. Determine f(207).
-99
Let x(s) = 1058*s - 18948. What is x(17)?
-962
Let r(b) = 568*b + 1740. Calculate r(-3).
36
Let t(s) = -260*s - 63983. Determine t(-243).
-803
Let n(t) = t**3 - 96*t**2 - 32*t + 12044. Give n(95).
-21
Let x(v) = 54*v**2 - 121*v + 32. What is x(2)?
6
Let q(w) = 18681*w + 74731. What is q(-4)?
7
Let r(i) = i**3 + 26*i**2 - 131*i - 50. Determine r(-30).
280
Let s(h) = -210*h + 6891. Calculate s(31).
381
Let v(q) = 558*q - 15897. Give v(28).
-273
Let v(n) = -3329*n + 1028651. Give v(309).
-10
Let h(c) = -c**2 - 134*c - 2282. What is h(-20)?
-2
Let p(u) = -13*u**3 - 77*u**2 - 5481*u - 32915. Give p(-6).
7
Let m(d) = 313*d + 3863. What is m(-6)?
1985
Let x(s) = s**3 + 105*s**2 - 36*s - 353. Give x(2).
3
Let z(n) = 5988*n + 173670. Calculate z(-29).
18
Let p(l) = -l**3 - 8*l**2 - 257*l - 957. Calculate p(-4).
7
Let i(z) = z**2 - 351*z + 13573. Determine i(44).
65
Let y(l) = -410*l**2 + 3706*l + 12. Calculate y(9).
156
Let j(y) = -62870*y**2 + 125760*y + 1. Determine j(2).
41
Let v(a) = a**2 - 125281*a - 1879395. Calculate v(-15).
45
Let i(a) = a**3 + 10*a**2 - 2595*a - 20877. Give i(-8).
11
Let y(c) = -c - 1227. Calculate y(-72).
-1155
Let n(p) = -p**3 - 129*p**2 - 101*p - 8156. Give n(-129).
4873
Let f(d) = -31*d**3 - 29*d**2 + 164*d + 740. Determine f(-3).
824
Let t(r) = r**3 + 44*r**2 - 731*r - 10280. Calculate t(-54).
34
Let c(l) = -2*l**2 - 162*l + 2184. Give c(13).
-260
Let i(w) = -w**3 + 28*w**2 + 193*w - 6959. What is i(24)?
-23
Let w(j) = 16039334*j + 64157331. Give w(-4).
-5
Let 